ate the greatest common factor of p and 56.
56
Let s = -689 + 725. Suppose -2*n + 1 + 3 = 0. Suppose -n*w = 4*w - s. What is the highest common factor of w and 4?
2
Suppose 0 = 4307*q - 4304*q - 210. Calculate the greatest common factor of 28 and q.
14
Let w be 24/(-4) - -1 - -273 - (15 + -13). Calculate the highest common factor of w and 1442.
14
Suppose -5*q = -86 - 29. Let t(m) be the third derivative of -7*m**4/6 - 44*m**3 + 333*m**2. Let f be t(-16). What is the highest common divisor of f and q?
23
Let g be (-14)/(-2 - -1 - (-3)/6). Let k be (-18)/51 + 15904/1904. What is the highest common divisor of g and k?
4
Suppose 43506 = -3277*r + 3280*r. What is the greatest common factor of r and 6?
6
Let u(q) = 2*q**3 + 39*q**2 + 16*q + 95. Let i be u(-19). What is the highest common factor of 24 and i?
8
Let c be 100/32 + 6/144*-3. Calculate the greatest common factor of 43 and c.
1
Let v be (105354/45 - 4/20) + (-14 - -16). What is the greatest common factor of 132 and v?
33
Let u(m) be the first derivative of m**4/4 + m**2/2 + 12*m - 1295. Let w = 2 + -2. Let i be u(w). Calculate the greatest common factor of 66 and i.
6
Let o(w) = -w**3 + 7*w**2 - 11*w + 10. Let f be o(5). Suppose 509 = 2*g + f*y, -329 - 145 = -2*g + 2*y. Calculate the greatest common factor of 22 and g.
22
Let x = 58086 - 30030. What is the highest common factor of x and 167?
167
Let c be 4 + (1 - -2 - (-9 - -13)). Suppose 0 = -4*j + 5*w + 153, 3*j - 46 = -c*w + 35. Calculate the highest common divisor of 32 and j.
32
Suppose -o + 0*o = 0. Suppose 0 = 5*n - 2*m - 17, 0*n = -3*n + 2*m + 7. Suppose o = 3*c + n*c - 1672. Calculate the highest common factor of c and 19.
19
Let b(i) = -i**3 - 7*i**2 - 1. Let j be b(-7). Let d = j - -3. Let w be (((-40)/20)/((-56)/(-12)))/(2/(-14)). Calculate the greatest common factor of d and w.
1
Let a be (94 - (-14 + 36)) + -16. What is the greatest common factor of 17836 and a?
28
Let c be (-13*52/(-65))/(8/880). What is the greatest common divisor of 260 and c?
52
Suppose -3*c + 528 = 4*s, 0*c + 2*c - 2*s = 338. Let l = 260 + c. Calculate the greatest common factor of l and 27.
27
Let v be 36/(-8)*(-15 + 13). Suppose -5*k + 3*j + 245 = 0, -v*k + 10*k + j - 41 = 0. Calculate the greatest common factor of k and 23.
23
Suppose -3*z - 166 = z - 2*j, -5*j - 144 = 3*z. Let y = z - -63. Let u(q) = 4*q + 64. Let l be u(y). What is the highest common divisor of 18 and l?
18
Let g = 354108 + -354090. Let l be (-2 + 8)/((-2)/(-1)). Suppose -r - l*w + 9 = 0, -84 = -4*r - r - 2*w. Calculate the greatest common factor of g and r.
18
Let l = -686 + 542. Let p = -130 - l. What is the highest common divisor of p and 161?
7
Suppose 4*f - 1261 - 1039 = 0. Let d be 1/(6/(-2850)*-19). What is the highest common divisor of d and f?
25
Let y be (10/8)/(7/224). Suppose -60*t + y = -56*t. Let o = 72 - 67. Calculate the greatest common divisor of t and o.
5
Suppose -6*p - 352 = -14*p. Suppose 171 = p*n - 35*n. Let b(r) = 31*r + 9. Let w be b(4). What is the highest common factor of n and w?
19
Let a = 2914 + -2824. What is the greatest common divisor of a and 2385?
45
Let c(k) = -125*k + 471. Let v be c(3). What is the highest common factor of v and 5408?
32
Let b(a) = -a**2 + 3*a + 43. Let j be b(-9). Let g = j + 445. What is the highest common factor of 20 and g?
20
Let q be 0*(-6 - (-11)/2). Suppose 5*s - 3*s - 86 = q. Let g be (-87)/(-2) + 3/(-6). Calculate the greatest common factor of g and s.
43
Let w be -126*(-4 + (-336)/(-98)). What is the greatest common divisor of 1224 and w?
72
Let b be 284 + (-10 - -11)*17. What is the highest common divisor of 189 and b?
7
Let w be 1131036/(-21)*10/(-40) + (-2)/(-7). What is the highest common factor of w and 5?
5
Let c be (-2)/(-8) - (-150)/8. Let y = 31900 - 30988. What is the greatest common divisor of y and c?
19
Let v(c) = -49*c - 123. Let q be v(-3). What is the highest common divisor of q and 3624?
24
Let z = 103 - 103. Suppose 144 = -z*t + 12*t. Calculate the greatest common divisor of 20 and t.
4
Let w(a) = -1640*a + 4950. Let v be w(3). Let f be 1*(77/1 - 2). What is the greatest common factor of f and v?
15
Suppose -21*v = -o - 18*v + 39, 2*o = v + 68. What is the greatest common factor of 6 and o?
3
Suppose -25 = -4*w - 5. Suppose 1094 = 2*v - 2*m, -4*m = -9*v + 4*v + 2732. Suppose -v - 206 = -15*r. Calculate the highest common factor of w and r.
5
Let y = -10365 + 10369. Let m = -60 + 98. Calculate the greatest common factor of m and y.
2
Suppose 4*d = -26*m + 31*m - 80, 0 = 4*m - 2*d - 70. Calculate the highest common factor of 10530 and m.
10
Suppose -241 = -17*r + 5*r + 4631. Let w be -2 - (1 - 3) - -14. Calculate the highest common factor of w and r.
14
Suppose 8*b - 3*n + 30 = 9*b, -3*b = -4*n - 142. Suppose 5*z + 1910 = -0*z. Let r = 718 + z. What is the highest common factor of r and b?
42
Suppose -4*c + 6*c + 2108 = 5*u, 5*c = -20. What is the greatest common factor of u and 280?
140
Suppose d = 2*x - 154, 2*d - 231 = 3*x - 6*x. Let c = x + -73. Suppose 0*l + c = l. What is the greatest common divisor of 36 and l?
4
Let a = -2865 - -3059. Calculate the greatest common divisor of a and 6.
2
Suppose 4 = a, -28*g - 9400 = -33*g - 5*a. What is the greatest common factor of g and 364?
28
Suppose -2 = -7*b + 33. Suppose 211 = b*h - 214. Let s be -4 - -8 - (-1)/1. Calculate the greatest common factor of s and h.
5
Suppose 4*y - 5*t = 380, 4*y - 2*t = -3*t + 380. Suppose y*s + 18 = 97*s. Let a = -65 + 164. What is the highest common factor of a and s?
9
Let v = -147 + 221. Suppose r - v = -2*b - 13, b = 5*r - 250. Let q be r + 1*4*6/(-12). Calculate the greatest common factor of q and 7.
7
Let y = 47637 + -17252. Let w be y/1593 - (-4)/(-54). What is the greatest common divisor of 608 and w?
19
Let v(b) = -10*b + 160. Let o(s) = 15*s**3 - 2*s**2 + 3*s - 2. Let f be o(1). Let r be v(f). What is the highest common divisor of r and 320?
20
Let k = 116 + -104. Suppose -5*z + 192 = z. Suppose 48 = -z*y + 34*y. What is the highest common divisor of k and y?
12
Let n(p) = -529*p - 7801. Let k be n(-15). What is the greatest common factor of k and 3618?
134
Let p = 3962 + -3927. Calculate the highest common divisor of 110 and p.
5
Let n(q) = -4*q**2 + 68*q - 6. Let l be n(17). Let h be l*(-7)/((-84)/(-78)). Calculate the highest common divisor of h and 39.
39
Suppose 16*j - 312 = 264. Let a be 8/j + (-2446)/(-9)*1. Calculate the greatest common divisor of a and 17.
17
Let k(l) = 32*l - 2. Let v be k(2). Suppose -5*t = -141*j + 140*j + 41, 2*j + 2*t - 58 = 0. What is the highest common divisor of v and j?
31
Let o be (-1)/(-4) - 1863/(-36). Let q be 602/26 + (-8)/o. Let h be (-253)/(-4 - -5)*-1. Calculate the highest common divisor of h and q.
23
Let g be -8*(-15)/(-840)*-301. Calculate the greatest common factor of g and 344.
43
Suppose -1323 = 14*p - 1449. Suppose -4*x - x = -5*d - 1105, -3*d = -2*x + 438. What is the highest common factor of p and x?
9
Let y(g) = 81*g**3 + g - 1. Let c be y(1). Suppose 5*j - c = 2*j. Let d(b) = 23*b - 74. Let u be d(4). Calculate the highest common divisor of j and u.
9
Suppose 5*i = 5*f - 30, 3*i = -3*f + 5*f - 14. Suppose -18*g - 52 = -22*g. Let w be 202/f + g/26. What is the highest common divisor of 34 and w?
17
Let d = 83 - 87. Let y be (-1878)/(-30) + d/(-10). Calculate the greatest common factor of 21 and y.
21
Let l be (128/(-5))/(488/(-60) + 8). Let p = 194 - l. What is the highest common factor of 28 and p?
2
Let w(o) = -o**2 - 26*o - 156. Let x be w(-10). Suppose x*n = 5*n - 224. Calculate the greatest common divisor of n and 32.
32
Let y(j) = 28*j**2 + 262*j - 1315. Let f be y(5). Calculate the greatest common factor of 139 and f.
139
Suppose -4*q + 9*m + 146 = 7*m, q - 34 = -2*m. What is the highest common divisor of 54 and q?
18
Let d(l) = -13*l - 128. Let c(j) = 12*j + 127. Let h(w) = 4*c(w) + 3*d(w). Let x be h(-11). Calculate the highest common divisor of 75 and x.
25
Let f = 20 - 19. Let i = 4 - f. Let v be (i - (-195)/35)*(-42)/(-4). Calculate the highest common factor of 36 and v.
18
Let g(f) = -3*f**2 + 29*f + 95. Let r(w) = -2*w**2 - w + 2. Let s(u) = g(u) - 2*r(u). Let t be s(-29). What is the greatest common divisor of t and 165?
33
Let v be (-3 - -